{"id":15575,"date":"2024-07-15T11:57:12","date_gmt":"2024-07-15T11:57:12","guid":{"rendered":"https:\/\/texray.io\/blogs\/news\/texray-da-la-bienvenida-a-andrew-werner-como-director-de-operaciones\/"},"modified":"2024-07-16T10:10:16","modified_gmt":"2024-07-16T10:10:16","slug":"texray-da-la-bienvenida-a-andrew-werner-como-director-de-operaciones","status":"publish","type":"avada_portfolio","link":"https:\/\/texray.io\/es\/blogs\/news\/texray-da-la-bienvenida-a-andrew-werner-como-director-de-operaciones\/","title":{"rendered":"Texray da la bienvenida a Andrew Werner como Director de Operaciones"},"content":{"rendered":"<div class=\"fusion-fullwidth fullwidth-box fusion-builder-row-1 fusion-flex-container nonhundred-percent-fullwidth non-hundred-percent-height-scrolling\" style=\"--awb-border-radius-top-left:0px;--awb-border-radius-top-right:0px;--awb-border-radius-bottom-right:0px;--awb-border-radius-bottom-left:0px;--awb-flex-wrap:wrap;\" ><div class=\"fusion-builder-row fusion-row fusion-flex-align-items-flex-start fusion-flex-justify-content-center fusion-flex-content-wrap\" style=\"max-width:1248px;margin-left: calc(-4% \/ 2 );margin-right: calc(-4% \/ 2 );\"><div class=\"fusion-layout-column fusion_builder_column fusion-builder-column-0 fusion_builder_column_1_1 1_1 fusion-flex-column\" style=\"--awb-bg-size:cover;--awb-width-large:100%;--awb-margin-top-large:0px;--awb-spacing-right-large:1.92%;--awb-margin-bottom-large:0px;--awb-spacing-left-large:1.92%;--awb-width-medium:100%;--awb-order-medium:0;--awb-spacing-right-medium:1.92%;--awb-spacing-left-medium:1.92%;--awb-width-small:100%;--awb-order-small:0;--awb-spacing-right-small:1.92%;--awb-spacing-left-small:1.92%;\"><div class=\"fusion-column-wrapper fusion-column-has-shadow fusion-flex-justify-content-flex-start fusion-content-layout-column\"><div class=\"fusion-text fusion-text-1\" style=\"--awb-content-alignment:left;--awb-text-color:var(--awb-custom_color_1);--awb-text-font-family:&quot;Lato&quot;;--awb-text-font-style:normal;--awb-text-font-weight:400;\"><p>Texray AB Gotemburgo, Suecia  julio 15, 2024 | <\/p>\n<\/div><div class=\"fusion-title title fusion-title-1 fusion-sep-none fusion-title-text fusion-title-size-four\" style=\"--awb-margin-bottom:30px;\"><h4 class=\"fusion-title-heading title-heading-left\" style=\"font-family:&quot;Lato&quot;;font-style:normal;font-weight:400;margin:0;\">Texray, empresa pionera en el desarrollo de un innovador textil de protecci\u00f3n contra las radiaciones, se enorgullece de presentar a Andrew Werner como el pr\u00f3ximo miembro que se unir\u00e1 al equipo Texray.<\/h4><\/div><div class=\"fusion-text fusion-text-2 fusion-text-no-margin\" style=\"--awb-content-alignment:left;--awb-text-color:var(--awb-custom_color_1);--awb-margin-bottom:50px;--awb-text-font-family:&quot;Lato&quot;;--awb-text-font-style:normal;--awb-text-font-weight:400;\"><p>Andrew Werner aporta m\u00e1s de 30 a\u00f1os de amplia experiencia en puestos de direcci\u00f3n y gesti\u00f3n en diversas facetas del sector de la tecnolog\u00eda m\u00e9dica. Su carrera abarca puestos clave como Director de Operaciones, Vicepresidente Senior de Operaciones Globales y jefe de departamentos dentro de la gesti\u00f3n de producci\u00f3n y operaciones en corporaciones globales. Sus funciones han sido tanto estrat\u00e9gicas como pr\u00e1cticas, poniendo de relieve su vers\u00e1til experiencia.<\/p>\n<p style=\"padding-left: 40px;\">\u00abContar con un l\u00edder con la profunda experiencia de Andrew Werner es crucial mientras seguimos innovando y ampliando nuestras operaciones para ofrecer a los profesionales m\u00e9dicos soluciones de protecci\u00f3n radiol\u00f3gica de \u00faltima generaci\u00f3n\u00bb, declar\u00f3 Petra Apell, Directora General de Texray. \u00abSu historial de excelencia en la gesti\u00f3n de operaciones, especialmente en el sector de los dispositivos m\u00e9dicos, le convierte en una incorporaci\u00f3n inestimable a nuestro equipo.\u00bb<\/p>\n<p>Andrew es conocido por su gran capacidad de comunicaci\u00f3n interpersonal y transcultural, perfeccionada a trav\u00e9s de un extenso trabajo en entornos globales. Su compromiso con la creaci\u00f3n de un ambiente de trabajo positivo y motivador ha sido constantemente reconocido, fomentando el desarrollo y el compromiso entre los miembros del equipo. Con una reputaci\u00f3n de lealtad, honradez y una \u00e9tica de trabajo diligente, est\u00e1 dispuesto a dirigir las operaciones de Texray con entusiasmo y un enfoque ingenioso para la resoluci\u00f3n de problemas. Su dedicaci\u00f3n al cumplimiento de los plazos y su capacidad para inspirar y plantear retos a los equipos ser\u00e1n fundamentales a medida que Texray siga mejorando sus capacidades operativas y ampliando su presencia en el mercado de la protecci\u00f3n contra las radiaciones.<\/p>\n<p style=\"padding-left: 40px;\">\u00abEstoy encantado de unirme a Texray en un momento tan emocionante\u00bb, dijo Andrew Werner. Estoy deseando aprovechar mi experiencia para impulsar la excelencia operativa y contribuir al \u00e9xito continuado de la empresa.\u00bb<\/p>\n<\/div><\/div><\/div><\/div><\/div>\n","protected":false},"excerpt":{"rendered":"<p>Texray, empresa pionera en el desarrollo de un innovador textil de protecci\u00f3n contra las radiaciones, se enorgullece de presentar a Andrew Werner como el pr\u00f3ximo miembro que se unir\u00e1 al equipo Texray.<\/p>\n","protected":false},"author":4,"featured_media":15614,"menu_order":0,"comment_status":"open","ping_status":"closed","template":"","format":"standard","meta":{"_acf_changed":false,"content-type":"","inline_featured_image":false,"footnotes":""},"portfolio_category":[],"portfolio_skills":[],"portfolio_tags":[],"class_list":["post-15575","avada_portfolio","type-avada_portfolio","status-publish","format-standard","has-post-thumbnail","hentry"],"acf":[],"_links":{"self":[{"href":"https:\/\/texray.io\/es\/wp-json\/wp\/v2\/avada_portfolio\/15575","targetHints":{"allow":["GET"]}}],"collection":[{"href":"https:\/\/texray.io\/es\/wp-json\/wp\/v2\/avada_portfolio"}],"about":[{"href":"https:\/\/texray.io\/es\/wp-json\/wp\/v2\/types\/avada_portfolio"}],"author":[{"embeddable":true,"href":"https:\/\/texray.io\/es\/wp-json\/wp\/v2\/users\/4"}],"replies":[{"embeddable":true,"href":"https:\/\/texray.io\/es\/wp-json\/wp\/v2\/comments?post=15575"}],"version-history":[{"count":23,"href":"https:\/\/texray.io\/es\/wp-json\/wp\/v2\/avada_portfolio\/15575\/revisions"}],"predecessor-version":[{"id":15663,"href":"https:\/\/texray.io\/es\/wp-json\/wp\/v2\/avada_portfolio\/15575\/revisions\/15663"}],"wp:featuredmedia":[{"embeddable":true,"href":"https:\/\/texray.io\/es\/wp-json\/wp\/v2\/media\/15614"}],"wp:attachment":[{"href":"https:\/\/texray.io\/es\/wp-json\/wp\/v2\/media?parent=15575"}],"wp:term":[{"taxonomy":"portfolio_category","embeddable":true,"href":"https:\/\/texray.io\/es\/wp-json\/wp\/v2\/portfolio_category?post=15575"},{"taxonomy":"portfolio_skills","embeddable":true,"href":"https:\/\/texray.io\/es\/wp-json\/wp\/v2\/portfolio_skills?post=15575"},{"taxonomy":"portfolio_tags","embeddable":true,"href":"https:\/\/texray.io\/es\/wp-json\/wp\/v2\/portfolio_tags?post=15575"}],"curies":[{"name":"wp","href":"https:\/\/api.w.org\/{rel}","templated":true}]}}

<div class="fusion-fullwidth fullwidth-box fusion-builder-row-1 fusion-flex-container nonhundred-percent-fullwidth non-hundred-percent-height-scrolling" style="--awb-border-radius-top-left:0px;--awb-border-radius-top-right:0px;--awb-border-radius-bottom-right:0px;--awb-border-radius-bottom-left:0px;--awb-flex-wrap:wrap;" ><div class="fusion-builder-row fusion-row fusion-flex-align-items-flex-start fusion-flex-justify-content-center fusion-flex-content-wrap" style="max-width:1248px;margin-left: calc(-4% / 2 );margin-right: calc(-4% / 2 );"><div class="fusion-layout-column fusion_builder_column fusion-builder-column-0 fusion_builder_column_1_1 1_1 fusion-flex-column" style="--awb-bg-size:cover;--awb-width-large:100%;--awb-margin-top-large:0px;--awb-spacing-right-large:1.92%;--awb-margin-bottom-large:0px;--awb-spacing-left-large:1.92%;--awb-width-medium:100%;--awb-order-medium:0;--awb-spacing-right-medium:1.92%;--awb-spacing-left-medium:1.92%;--awb-width-small:100%;--awb-order-small:0;--awb-spacing-right-small:1.92%;--awb-spacing-left-small:1.92%;"><div class="fusion-column-wrapper fusion-column-has-shadow fusion-flex-justify-content-flex-start fusion-content-layout-column"><div class="fusion-text fusion-text-1" style="--awb-content-alignment:left;--awb-text-color:var(--awb-custom_color_1);--awb-text-font-family:&quot;Lato&quot;;--awb-text-font-style:normal;--awb-text-font-weight:400;"><p>Texray AB Gotemburgo, Suecia  julio 15, 2024 | </p>
</div><div class="fusion-title title fusion-title-1 fusion-sep-none fusion-title-text fusion-title-size-four" style="--awb-margin-bottom:30px;"><h4 class="fusion-title-heading title-heading-left" style="font-family:&quot;Lato&quot;;font-style:normal;font-weight:400;margin:0;">Texray, empresa pionera en el desarrollo de un innovador textil de protección contra las radiaciones, se enorgullece de presentar a Andrew Werner como el próximo miembro que se unirá al equipo Texray.</h4></div><div class="fusion-text fusion-text-2 fusion-text-no-margin" style="--awb-content-alignment:left;--awb-text-color:var(--awb-custom_color_1);--awb-margin-bottom:50px;--awb-text-font-family:&quot;Lato&quot;;--awb-text-font-style:normal;--awb-text-font-weight:400;"><p>Andrew Werner aporta más de 30 años de amplia experiencia en puestos de dirección y gestión en diversas facetas del sector de la tecnología médica. Su carrera abarca puestos clave como Director de Operaciones, Vicepresidente Senior de Operaciones Globales y jefe de departamentos dentro de la gestión de producción y operaciones en corporaciones globales. Sus funciones han sido tanto estratégicas como prácticas, poniendo de relieve su versátil experiencia.</p>
<p style="padding-left: 40px;">«Contar con un líder con la profunda experiencia de Andrew Werner es crucial mientras seguimos innovando y ampliando nuestras operaciones para ofrecer a los profesionales médicos soluciones de protección radiológica de última generación», declaró Petra Apell, Directora General de Texray. «Su historial de excelencia en la gestión de operaciones, especialmente en el sector de los dispositivos médicos, le convierte en una incorporación inestimable a nuestro equipo.»</p>
<p>Andrew es conocido por su gran capacidad de comunicación interpersonal y transcultural, perfeccionada a través de un extenso trabajo en entornos globales. Su compromiso con la creación de un ambiente de trabajo positivo y motivador ha sido constantemente reconocido, fomentando el desarrollo y el compromiso entre los miembros del equipo. Con una reputación de lealtad, honradez y una ética de trabajo diligente, está dispuesto a dirigir las operaciones de Texray con entusiasmo y un enfoque ingenioso para la resolución de problemas. Su dedicación al cumplimiento de los plazos y su capacidad para inspirar y plantear retos a los equipos serán fundamentales a medida que Texray siga mejorando sus capacidades operativas y ampliando su presencia en el mercado de la protección contra las radiaciones.</p>
<p style="padding-left: 40px;">«Estoy encantado de unirme a Texray en un momento tan emocionante», dijo Andrew Werner. Estoy deseando aprovechar mi experiencia para impulsar la excelencia operativa y contribuir al éxito continuado de la empresa.»</p>
</div></div></div></div></div>

<p>Texray, empresa pionera en el desarrollo de un innovador textil de protección contra las radiaciones, se enorgullece de presentar a Andrew Werner como el próximo miembro que se unirá al equipo Texray.</p>
