{"id":9775,"date":"2021-12-14T14:16:51","date_gmt":"2021-12-14T14:16:51","guid":{"rendered":"https:\/\/texray.io\/blogs\/news\/texray-da-la-bienvenida-a-un-nuevo-miembro-del-equipo-ya-que-la-demanda-de-productos-innovadores-de-texray-para-la-proteccion-personal-contra-la-radiacion-en-el-quirofano-sigue-creciendo\/"},"modified":"2024-03-25T13:37:38","modified_gmt":"2024-03-25T13:37:38","slug":"texray-da-la-bienvenida-a-un-nuevo-miembro-del-equipo-ya-que-la-demanda-de-productos-innovadores-de-texray-para-la-proteccion-personal-contra-la-radiacion-en-el-quirofano-sigue-creciendo","status":"publish","type":"avada_portfolio","link":"https:\/\/texray.io\/es\/blogs\/news\/texray-da-la-bienvenida-a-un-nuevo-miembro-del-equipo-ya-que-la-demanda-de-productos-innovadores-de-texray-para-la-proteccion-personal-contra-la-radiacion-en-el-quirofano-sigue-creciendo\/","title":{"rendered":"Texray da la bienvenida a un nuevo miembro del equipo, ya que la demanda de productos innovadores de Texray para la protecci\u00f3n personal contra la radiaci\u00f3n en el quir\u00f3fano sigue creciendo."},"content":{"rendered":"<div class=\"fusion-fullwidth fullwidth-box fusion-builder-row-1 fusion-flex-container nonhundred-percent-fullwidth non-hundred-percent-height-scrolling\" style=\"--awb-border-radius-top-left:0px;--awb-border-radius-top-right:0px;--awb-border-radius-bottom-right:0px;--awb-border-radius-bottom-left:0px;--awb-flex-wrap:wrap;\" ><div class=\"fusion-builder-row fusion-row fusion-flex-align-items-flex-start fusion-flex-justify-content-center fusion-flex-content-wrap\" style=\"max-width:1248px;margin-left: calc(-4% \/ 2 );margin-right: calc(-4% \/ 2 );\"><div class=\"fusion-layout-column fusion_builder_column fusion-builder-column-0 fusion_builder_column_1_1 1_1 fusion-flex-column\" style=\"--awb-bg-size:cover;--awb-width-large:100%;--awb-margin-top-large:0px;--awb-spacing-right-large:1.92%;--awb-margin-bottom-large:0px;--awb-spacing-left-large:1.92%;--awb-width-medium:100%;--awb-order-medium:0;--awb-spacing-right-medium:1.92%;--awb-spacing-left-medium:1.92%;--awb-width-small:100%;--awb-order-small:0;--awb-spacing-right-small:1.92%;--awb-spacing-left-small:1.92%;\"><div class=\"fusion-column-wrapper fusion-column-has-shadow fusion-flex-justify-content-flex-start fusion-content-layout-column\"><div class=\"fusion-text fusion-text-1\" style=\"--awb-text-color:var(--awb-custom_color_1);\"><p>Texray AB Gotemburgo, Suecia  diciembre 14, 2021 | <\/p>\n<\/div><div class=\"fusion-title title fusion-title-1 fusion-sep-none fusion-title-text fusion-title-size-four\" style=\"--awb-margin-bottom:30px;\"><h4 class=\"fusion-title-heading title-heading-left\" style=\"font-family:&quot;Lato&quot;;font-style:normal;font-weight:400;margin:0;\">Texray AB, proveedor del \u00fanico textil de protecci\u00f3n contra las radiaciones del mundo e innovador de los novedosos dispositivos de protecci\u00f3n contra las radiaciones en el cuello y la cabeza, ampl\u00eda su equipo con un nuevo cargo, nombrando al Sr. Ulf Rennstam Director Global de Ventas.<\/h4><\/div><div class=\"fusion-builder-row fusion-builder-row-inner fusion-row fusion-flex-align-items-flex-start fusion-flex-justify-content-center fusion-flex-content-wrap\" style=\"width:104% !important;max-width:104% !important;margin-left: calc(-4% \/ 2 );margin-right: calc(-4% \/ 2 );\"><div class=\"fusion-layout-column fusion_builder_column_inner fusion-builder-nested-column-0 fusion_builder_column_inner_1_1 1_1 fusion-flex-column\" style=\"--awb-bg-position:center top;--awb-bg-size:contain;--awb-width-large:100%;--awb-margin-top-large:0px;--awb-spacing-right-large:1.92%;--awb-margin-bottom-large:20px;--awb-spacing-left-large:1.92%;--awb-width-medium:100%;--awb-order-medium:0;--awb-spacing-right-medium:1.92%;--awb-spacing-left-medium:1.92%;--awb-width-small:100%;--awb-order-small:0;--awb-spacing-right-small:1.92%;--awb-spacing-left-small:1.92%;\" data-scroll-devices=\"small-visibility,medium-visibility,large-visibility\"><div class=\"fusion-column-wrapper lazyload fusion-column-has-shadow fusion-flex-justify-content-flex-start fusion-content-layout-column fusion-empty-column-bg-image fusion-column-has-bg-image\" data-bg-url=\"https:\/\/texray.io\/wp-content\/uploads\/2024\/03\/Ulf-Rennstam-Texray_250_945eb597-1b60-4b62-9512-935812ce77d2.jpg\" data-bg=\"https:\/\/texray.io\/wp-content\/uploads\/2024\/03\/Ulf-Rennstam-Texray_250_945eb597-1b60-4b62-9512-935812ce77d2.jpg\"><img decoding=\"async\" class=\"fusion-empty-dims-img-placeholder\" aria-label=\"Ulf-Rennstam-Texray_250_945eb597-1b60-4b62-9512-935812ce77d2\" src=\"data:image\/svg+xml,%3Csvg%20xmlns%3D%27http%3A%2F%2Fwww.w3.org%2F2000%2Fsvg%27%20width%3D%27260%27%20height%3D%27274%27%20viewBox%3D%270%200%20260%20274%27%3E%3Crect%20width%3D%27260%27%20height%3D%27274%27%20fill-opacity%3D%220%22%2F%3E%3C%2Fsvg%3E\"><\/div><\/div><\/div><div class=\"fusion-text fusion-text-2 fusion-text-no-margin\" style=\"--awb-margin-bottom:50px;--awb-text-font-family:&quot;Lato&quot;;--awb-text-font-style:normal;--awb-text-font-weight:400;\"><p>Ulf Rennstam cuenta con una amplia experiencia y una exitosa trayectoria en el sector de la tecnolog\u00eda m\u00e9dica y los equipos de protecci\u00f3n individual (EPI). Ha ocupado numerosos puestos ejecutivos, dirigiendo con gran \u00e9xito grandes equipos internacionales de desarrollo y gesti\u00f3n empresarial. Ulf aportar\u00e1 su amplia experiencia en ventas internacionales y en la creaci\u00f3n de redes de distribuci\u00f3n mundiales, tras la decisi\u00f3n estrat\u00e9gica de expansi\u00f3n internacional.<\/p>\n<blockquote>\n<p>\u00abEstamos encantados de que Ulf se una a Texray. Gracias a la experiencia de Ulf en acceso al mercado, ventas y distribuci\u00f3n, ahora podremos equipar a m\u00e1s equipos quir\u00fargicos con nuestros productos. A principios de este a\u00f1o, Texray complet\u00f3 con \u00e9xito la recaudaci\u00f3n de fondos con inversores nuevos y existentes. El capital obtenido ha permitido a Texray seguir adelante con sus planes de comercializaci\u00f3n mundial ampliando el equipo con otro puesto clave\u00bb, afirma Petra Apell, fundadora y consejera delegada de Texray.<\/p>\n<\/blockquote>\n<\/div><\/div><\/div><\/div><\/div>\n","protected":false},"excerpt":{"rendered":"<p>Texray AB, proveedor del \u00fanico textil de protecci\u00f3n contra las radiaciones del mundo e innovador de los novedosos dispositivos de protecci\u00f3n contra las radiaciones en el cuello y la cabeza, ampl\u00eda su equipo con un nuevo cargo, nombrando al Sr. Ulf Rennstam Director Global de Ventas.<\/p>\n","protected":false},"author":1,"featured_media":8465,"menu_order":0,"comment_status":"open","ping_status":"closed","template":"","format":"standard","meta":{"_acf_changed":false,"content-type":"","inline_featured_image":false,"footnotes":""},"portfolio_category":[],"portfolio_skills":[],"portfolio_tags":[],"class_list":["post-9775","avada_portfolio","type-avada_portfolio","status-publish","format-standard","has-post-thumbnail","hentry"],"acf":[],"_links":{"self":[{"href":"https:\/\/texray.io\/es\/wp-json\/wp\/v2\/avada_portfolio\/9775","targetHints":{"allow":["GET"]}}],"collection":[{"href":"https:\/\/texray.io\/es\/wp-json\/wp\/v2\/avada_portfolio"}],"about":[{"href":"https:\/\/texray.io\/es\/wp-json\/wp\/v2\/types\/avada_portfolio"}],"author":[{"embeddable":true,"href":"https:\/\/texray.io\/es\/wp-json\/wp\/v2\/users\/1"}],"replies":[{"embeddable":true,"href":"https:\/\/texray.io\/es\/wp-json\/wp\/v2\/comments?post=9775"}],"version-history":[{"count":1,"href":"https:\/\/texray.io\/es\/wp-json\/wp\/v2\/avada_portfolio\/9775\/revisions"}],"predecessor-version":[{"id":9800,"href":"https:\/\/texray.io\/es\/wp-json\/wp\/v2\/avada_portfolio\/9775\/revisions\/9800"}],"wp:featuredmedia":[{"embeddable":true,"href":"https:\/\/texray.io\/es\/wp-json\/wp\/v2\/media\/8465"}],"wp:attachment":[{"href":"https:\/\/texray.io\/es\/wp-json\/wp\/v2\/media?parent=9775"}],"wp:term":[{"taxonomy":"portfolio_category","embeddable":true,"href":"https:\/\/texray.io\/es\/wp-json\/wp\/v2\/portfolio_category?post=9775"},{"taxonomy":"portfolio_skills","embeddable":true,"href":"https:\/\/texray.io\/es\/wp-json\/wp\/v2\/portfolio_skills?post=9775"},{"taxonomy":"portfolio_tags","embeddable":true,"href":"https:\/\/texray.io\/es\/wp-json\/wp\/v2\/portfolio_tags?post=9775"}],"curies":[{"name":"wp","href":"https:\/\/api.w.org\/{rel}","templated":true}]}}

Texray da la bienvenida a un nuevo miembro del equipo, ya que la demanda de productos innovadores de Texray para la protección personal contra la radiación en el quirófano sigue creciendo.

<div class="fusion-fullwidth fullwidth-box fusion-builder-row-1 fusion-flex-container nonhundred-percent-fullwidth non-hundred-percent-height-scrolling" style="--awb-border-radius-top-left:0px;--awb-border-radius-top-right:0px;--awb-border-radius-bottom-right:0px;--awb-border-radius-bottom-left:0px;--awb-flex-wrap:wrap;" ><div class="fusion-builder-row fusion-row fusion-flex-align-items-flex-start fusion-flex-justify-content-center fusion-flex-content-wrap" style="max-width:1248px;margin-left: calc(-4% / 2 );margin-right: calc(-4% / 2 );"><div class="fusion-layout-column fusion_builder_column fusion-builder-column-0 fusion_builder_column_1_1 1_1 fusion-flex-column" style="--awb-bg-size:cover;--awb-width-large:100%;--awb-margin-top-large:0px;--awb-spacing-right-large:1.92%;--awb-margin-bottom-large:0px;--awb-spacing-left-large:1.92%;--awb-width-medium:100%;--awb-order-medium:0;--awb-spacing-right-medium:1.92%;--awb-spacing-left-medium:1.92%;--awb-width-small:100%;--awb-order-small:0;--awb-spacing-right-small:1.92%;--awb-spacing-left-small:1.92%;"><div class="fusion-column-wrapper fusion-column-has-shadow fusion-flex-justify-content-flex-start fusion-content-layout-column"><div class="fusion-text fusion-text-1" style="--awb-text-color:var(--awb-custom_color_1);"><p>Texray AB Gotemburgo, Suecia  diciembre 14, 2021 | </p>
</div><div class="fusion-title title fusion-title-1 fusion-sep-none fusion-title-text fusion-title-size-four" style="--awb-margin-bottom:30px;"><h4 class="fusion-title-heading title-heading-left" style="font-family:&quot;Lato&quot;;font-style:normal;font-weight:400;margin:0;">Texray AB, proveedor del único textil de protección contra las radiaciones del mundo e innovador de los novedosos dispositivos de protección contra las radiaciones en el cuello y la cabeza, amplía su equipo con un nuevo cargo, nombrando al Sr. Ulf Rennstam Director Global de Ventas.</h4></div><div class="fusion-builder-row fusion-builder-row-inner fusion-row fusion-flex-align-items-flex-start fusion-flex-justify-content-center fusion-flex-content-wrap" style="width:104% !important;max-width:104% !important;margin-left: calc(-4% / 2 );margin-right: calc(-4% / 2 );"><div class="fusion-layout-column fusion_builder_column_inner fusion-builder-nested-column-0 fusion_builder_column_inner_1_1 1_1 fusion-flex-column" style="--awb-bg-position:center top;--awb-bg-size:contain;--awb-width-large:100%;--awb-margin-top-large:0px;--awb-spacing-right-large:1.92%;--awb-margin-bottom-large:20px;--awb-spacing-left-large:1.92%;--awb-width-medium:100%;--awb-order-medium:0;--awb-spacing-right-medium:1.92%;--awb-spacing-left-medium:1.92%;--awb-width-small:100%;--awb-order-small:0;--awb-spacing-right-small:1.92%;--awb-spacing-left-small:1.92%;" data-scroll-devices="small-visibility,medium-visibility,large-visibility"><div class="fusion-column-wrapper lazyload fusion-column-has-shadow fusion-flex-justify-content-flex-start fusion-content-layout-column fusion-empty-column-bg-image fusion-column-has-bg-image" data-bg-url="https://texray.io/wp-content/uploads/2024/03/Ulf-Rennstam-Texray_250_945eb597-1b60-4b62-9512-935812ce77d2.jpg" data-bg="https://texray.io/wp-content/uploads/2024/03/Ulf-Rennstam-Texray_250_945eb597-1b60-4b62-9512-935812ce77d2.jpg"><img decoding="async" class="fusion-empty-dims-img-placeholder" aria-label="Ulf-Rennstam-Texray_250_945eb597-1b60-4b62-9512-935812ce77d2" src="data:image/svg+xml,%3Csvg%20xmlns%3D%27http%3A%2F%2Fwww.w3.org%2F2000%2Fsvg%27%20width%3D%27260%27%20height%3D%27274%27%20viewBox%3D%270%200%20260%20274%27%3E%3Crect%20width%3D%27260%27%20height%3D%27274%27%20fill-opacity%3D%220%22%2F%3E%3C%2Fsvg%3E"></div></div></div><div class="fusion-text fusion-text-2 fusion-text-no-margin" style="--awb-margin-bottom:50px;--awb-text-font-family:&quot;Lato&quot;;--awb-text-font-style:normal;--awb-text-font-weight:400;"><p>Ulf Rennstam cuenta con una amplia experiencia y una exitosa trayectoria en el sector de la tecnología médica y los equipos de protección individual (EPI). Ha ocupado numerosos puestos ejecutivos, dirigiendo con gran éxito grandes equipos internacionales de desarrollo y gestión empresarial. Ulf aportará su amplia experiencia en ventas internacionales y en la creación de redes de distribución mundiales, tras la decisión estratégica de expansión internacional.</p>
<blockquote>
<p>«Estamos encantados de que Ulf se una a Texray. Gracias a la experiencia de Ulf en acceso al mercado, ventas y distribución, ahora podremos equipar a más equipos quirúrgicos con nuestros productos. A principios de este año, Texray completó con éxito la recaudación de fondos con inversores nuevos y existentes. El capital obtenido ha permitido a Texray seguir adelante con sus planes de comercialización mundial ampliando el equipo con otro puesto clave», afirma Petra Apell, fundadora y consejera delegada de Texray.</p>
</blockquote>
</div></div></div></div></div>

<p>Texray AB, proveedor del único textil de protección contra las radiaciones del mundo e innovador de los novedosos dispositivos de protección contra las radiaciones en el cuello y la cabeza, amplía su equipo con un nuevo cargo, nombrando al Sr. Ulf Rennstam Director Global de Ventas.</p>
