{"id":9929,"date":"2021-05-18T07:55:55","date_gmt":"2021-05-18T07:55:55","guid":{"rendered":"https:\/\/texray.io\/blogs\/news\/texray-explora-nuevas-oportunidades-de-produccion-con-la-agencia-sueca-de-crecimiento-economico-y-regional-en-un-nuevo-proyecto-de-automatizacion\/"},"modified":"2024-03-25T13:45:15","modified_gmt":"2024-03-25T13:45:15","slug":"texray-explora-nuevas-oportunidades-de-produccion-con-la-agencia-sueca-de-crecimiento-economico-y-regional-en-un-nuevo-proyecto-de-automatizacion","status":"publish","type":"avada_portfolio","link":"https:\/\/texray.io\/es\/blogs\/news\/texray-explora-nuevas-oportunidades-de-produccion-con-la-agencia-sueca-de-crecimiento-economico-y-regional-en-un-nuevo-proyecto-de-automatizacion\/","title":{"rendered":"Texray explora nuevas oportunidades de producci\u00f3n con la Agencia Sueca de Crecimiento Econ\u00f3mico y Regional en un nuevo proyecto de automatizaci\u00f3n"},"content":{"rendered":"<div class=\"fusion-fullwidth fullwidth-box fusion-builder-row-1 fusion-flex-container nonhundred-percent-fullwidth non-hundred-percent-height-scrolling\" style=\"--awb-border-radius-top-left:0px;--awb-border-radius-top-right:0px;--awb-border-radius-bottom-right:0px;--awb-border-radius-bottom-left:0px;--awb-flex-wrap:wrap;\" ><div class=\"fusion-builder-row fusion-row fusion-flex-align-items-flex-start fusion-flex-justify-content-center fusion-flex-content-wrap\" style=\"max-width:1248px;margin-left: calc(-4% \/ 2 );margin-right: calc(-4% \/ 2 );\"><div class=\"fusion-layout-column fusion_builder_column fusion-builder-column-0 fusion_builder_column_1_1 1_1 fusion-flex-column\" style=\"--awb-bg-size:cover;--awb-width-large:100%;--awb-margin-top-large:0px;--awb-spacing-right-large:1.92%;--awb-margin-bottom-large:0px;--awb-spacing-left-large:1.92%;--awb-width-medium:100%;--awb-order-medium:0;--awb-spacing-right-medium:1.92%;--awb-spacing-left-medium:1.92%;--awb-width-small:100%;--awb-order-small:0;--awb-spacing-right-small:1.92%;--awb-spacing-left-small:1.92%;\"><div class=\"fusion-column-wrapper fusion-column-has-shadow fusion-flex-justify-content-flex-start fusion-content-layout-column\"><div class=\"fusion-text fusion-text-1\" style=\"--awb-text-color:var(--awb-custom_color_1);\"><p>Texray AB Gotemburgo, Suecia  mayo 18, 2021 | <\/p>\n<\/div><div class=\"fusion-title title fusion-title-1 fusion-sep-none fusion-title-text fusion-title-size-four\" style=\"--awb-margin-bottom:30px;\"><h4 class=\"fusion-title-heading title-heading-left\" style=\"font-family:&quot;Lato&quot;;font-style:normal;font-weight:400;margin:0;\">La Agencia Sueca de Crecimiento Econ\u00f3mico y Regional (Tillv\u00e4xtverket), organismo p\u00fablico sueco dependiente del Ministerio de Empresa, ha decidido conceder a Texray financiaci\u00f3n para un nuevo proyecto cuyo objetivo es mejorar la productividad y la capacidad del proceso de fabricaci\u00f3n. El proyecto se llevar\u00e1 a cabo junto con el Grupo ALTEN y se iniciar\u00e1 de inmediato.<\/h4><\/div><div class=\"fusion-text fusion-text-2 fusion-text-no-margin\" style=\"--awb-margin-bottom:50px;--awb-text-font-family:&quot;Lato&quot;;--awb-text-font-style:normal;--awb-text-font-weight:400;\"><div class=\"article_body-rte rte mb9\">\n<p>Digilift (en sueco; Robotlyftet); el programa de financiaci\u00f3n que se ha concedido a Texray forma parte de la nueva estrategia de industrializaci\u00f3n del gobierno sueco y tiene como objetivo fomentar la automatizaci\u00f3n y robotizaci\u00f3n en las peque\u00f1as y medianas empresas industriales de Suecia. El objetivo es aumentar el conocimiento de las empresas sobre el uso y las inversiones en soluciones de automatizaci\u00f3n. Hasta ahora, Texray y otros nueve proyectos han sido elegidos parte del Digilift.<\/p>\n<blockquote>\n<p>\u00abEstamos encantados de recibir esta importante subvenci\u00f3n que nos permite avanzar eficazmente en nuestro proceso de producci\u00f3n para una futura expansi\u00f3n y crecimiento. Contar con la financiaci\u00f3n de la Agencia Sueca para el Crecimiento Econ\u00f3mico y Regional nos da una prueba m\u00e1s de que el textil inteligente patentado por Texray es una innovaci\u00f3n importante con una demanda creciente en el mercado\u00bb, afirma Fredrik Gellerstedt, cofundador de Texray.<\/p>\n<\/blockquote>\n<p><strong>Acerca de la Agencia Sueca de Crecimiento Econ\u00f3mico y Regional:  <\/strong><\/p>\n<p>La Agencia Sueca de Crecimiento Econ\u00f3mico y Regional es una agencia gubernamental sueca dependiente del Ministerio de Empresa, encargada de promover el esp\u00edritu empresarial y el crecimiento regional y de ejecutar los programas de los Fondos Estructurales. La agencia tiene una amplia misi\u00f3n. Algunos esfuerzos se dirigen directamente a una empresa espec\u00edfica o a un negocio potencial; otras veces el objetivo es influir y desarrollar el entorno empresarial, y a menudo se trata de ambas cosas. La agencia tiene el mandato de gestionar y distribuir fondos del Fondo Social Europeo y del Fondo Europeo de Desarrollo Regional, para apoyar proyectos que fomenten el crecimiento y el empleo.<\/p>\n<p>\ud83d\udfe1<\/p>\n<p><strong>Acerca de Texray<\/strong><\/p>\n<p>Texray ha desarrollado y patentado el primer tejido de protecci\u00f3n contra las radiaciones que responde a la necesidad de disponer de equipos de protecci\u00f3n individual (EPI) confortables. Actualmente se utiliza en productos dise\u00f1ados para m\u00e9dicos que utilizan rayos X en intervenciones quir\u00fargicas. Texray tambi\u00e9n puede aportar valor a los profesionales de otros sectores industriales, como la aeron\u00e1utica, la primera respuesta, la medicina veterinaria y la odontolog\u00eda.<\/p>\n<p>Para m\u00e1s informaci\u00f3n, p\u00f3ngase en contacto con Fredrik Gellerstedt<\/p>\n<\/div>\n<div class=\"article_body-pagination prev-next-pagination mb9 border-top border-bottom shrink-wrap px1 py4\"><\/div>\n<\/div><\/div><\/div><\/div><\/div>\n","protected":false},"excerpt":{"rendered":"<p>La Agencia Sueca de Crecimiento Econ\u00f3mico y Regional (Tillv\u00e4xtverket), organismo p\u00fablico sueco dependiente del Ministerio de Empresa, ha decidido conceder a Texray financiaci\u00f3n para un nuevo proyecto cuyo objetivo es mejorar la productividad y la capacidad del proceso de fabricaci\u00f3n. El proyecto se llevar\u00e1 a cabo junto con el Grupo ALTEN y se iniciar\u00e1 de inmediato.<\/p>\n","protected":false},"author":1,"featured_media":8498,"menu_order":0,"comment_status":"open","ping_status":"closed","template":"","format":"standard","meta":{"_acf_changed":false,"content-type":"","inline_featured_image":false,"footnotes":""},"portfolio_category":[],"portfolio_skills":[],"portfolio_tags":[],"class_list":["post-9929","avada_portfolio","type-avada_portfolio","status-publish","format-standard","has-post-thumbnail","hentry"],"acf":[],"_links":{"self":[{"href":"https:\/\/texray.io\/es\/wp-json\/wp\/v2\/avada_portfolio\/9929","targetHints":{"allow":["GET"]}}],"collection":[{"href":"https:\/\/texray.io\/es\/wp-json\/wp\/v2\/avada_portfolio"}],"about":[{"href":"https:\/\/texray.io\/es\/wp-json\/wp\/v2\/types\/avada_portfolio"}],"author":[{"embeddable":true,"href":"https:\/\/texray.io\/es\/wp-json\/wp\/v2\/users\/1"}],"replies":[{"embeddable":true,"href":"https:\/\/texray.io\/es\/wp-json\/wp\/v2\/comments?post=9929"}],"version-history":[{"count":1,"href":"https:\/\/texray.io\/es\/wp-json\/wp\/v2\/avada_portfolio\/9929\/revisions"}],"predecessor-version":[{"id":9959,"href":"https:\/\/texray.io\/es\/wp-json\/wp\/v2\/avada_portfolio\/9929\/revisions\/9959"}],"wp:featuredmedia":[{"embeddable":true,"href":"https:\/\/texray.io\/es\/wp-json\/wp\/v2\/media\/8498"}],"wp:attachment":[{"href":"https:\/\/texray.io\/es\/wp-json\/wp\/v2\/media?parent=9929"}],"wp:term":[{"taxonomy":"portfolio_category","embeddable":true,"href":"https:\/\/texray.io\/es\/wp-json\/wp\/v2\/portfolio_category?post=9929"},{"taxonomy":"portfolio_skills","embeddable":true,"href":"https:\/\/texray.io\/es\/wp-json\/wp\/v2\/portfolio_skills?post=9929"},{"taxonomy":"portfolio_tags","embeddable":true,"href":"https:\/\/texray.io\/es\/wp-json\/wp\/v2\/portfolio_tags?post=9929"}],"curies":[{"name":"wp","href":"https:\/\/api.w.org\/{rel}","templated":true}]}}

Texray explora nuevas oportunidades de producción con la Agencia Sueca de Crecimiento Económico y Regional en un nuevo proyecto de automatización

<div class="fusion-fullwidth fullwidth-box fusion-builder-row-1 fusion-flex-container nonhundred-percent-fullwidth non-hundred-percent-height-scrolling" style="--awb-border-radius-top-left:0px;--awb-border-radius-top-right:0px;--awb-border-radius-bottom-right:0px;--awb-border-radius-bottom-left:0px;--awb-flex-wrap:wrap;" ><div class="fusion-builder-row fusion-row fusion-flex-align-items-flex-start fusion-flex-justify-content-center fusion-flex-content-wrap" style="max-width:1248px;margin-left: calc(-4% / 2 );margin-right: calc(-4% / 2 );"><div class="fusion-layout-column fusion_builder_column fusion-builder-column-0 fusion_builder_column_1_1 1_1 fusion-flex-column" style="--awb-bg-size:cover;--awb-width-large:100%;--awb-margin-top-large:0px;--awb-spacing-right-large:1.92%;--awb-margin-bottom-large:0px;--awb-spacing-left-large:1.92%;--awb-width-medium:100%;--awb-order-medium:0;--awb-spacing-right-medium:1.92%;--awb-spacing-left-medium:1.92%;--awb-width-small:100%;--awb-order-small:0;--awb-spacing-right-small:1.92%;--awb-spacing-left-small:1.92%;"><div class="fusion-column-wrapper fusion-column-has-shadow fusion-flex-justify-content-flex-start fusion-content-layout-column"><div class="fusion-text fusion-text-1" style="--awb-text-color:var(--awb-custom_color_1);"><p>Texray AB Gotemburgo, Suecia  mayo 18, 2021 | </p>
</div><div class="fusion-title title fusion-title-1 fusion-sep-none fusion-title-text fusion-title-size-four" style="--awb-margin-bottom:30px;"><h4 class="fusion-title-heading title-heading-left" style="font-family:&quot;Lato&quot;;font-style:normal;font-weight:400;margin:0;">La Agencia Sueca de Crecimiento Económico y Regional (Tillväxtverket), organismo público sueco dependiente del Ministerio de Empresa, ha decidido conceder a Texray financiación para un nuevo proyecto cuyo objetivo es mejorar la productividad y la capacidad del proceso de fabricación. El proyecto se llevará a cabo junto con el Grupo ALTEN y se iniciará de inmediato.</h4></div><div class="fusion-text fusion-text-2 fusion-text-no-margin" style="--awb-margin-bottom:50px;--awb-text-font-family:&quot;Lato&quot;;--awb-text-font-style:normal;--awb-text-font-weight:400;"><div class="article_body-rte rte mb9">
<p>Digilift (en sueco; Robotlyftet); el programa de financiación que se ha concedido a Texray forma parte de la nueva estrategia de industrialización del gobierno sueco y tiene como objetivo fomentar la automatización y robotización en las pequeñas y medianas empresas industriales de Suecia. El objetivo es aumentar el conocimiento de las empresas sobre el uso y las inversiones en soluciones de automatización. Hasta ahora, Texray y otros nueve proyectos han sido elegidos parte del Digilift.</p>
<blockquote>
<p>«Estamos encantados de recibir esta importante subvención que nos permite avanzar eficazmente en nuestro proceso de producción para una futura expansión y crecimiento. Contar con la financiación de la Agencia Sueca para el Crecimiento Económico y Regional nos da una prueba más de que el textil inteligente patentado por Texray es una innovación importante con una demanda creciente en el mercado», afirma Fredrik Gellerstedt, cofundador de Texray.</p>
</blockquote>
<p><strong>Acerca de la Agencia Sueca de Crecimiento Económico y Regional:  </strong></p>
<p>La Agencia Sueca de Crecimiento Económico y Regional es una agencia gubernamental sueca dependiente del Ministerio de Empresa, encargada de promover el espíritu empresarial y el crecimiento regional y de ejecutar los programas de los Fondos Estructurales. La agencia tiene una amplia misión. Algunos esfuerzos se dirigen directamente a una empresa específica o a un negocio potencial; otras veces el objetivo es influir y desarrollar el entorno empresarial, y a menudo se trata de ambas cosas. La agencia tiene el mandato de gestionar y distribuir fondos del Fondo Social Europeo y del Fondo Europeo de Desarrollo Regional, para apoyar proyectos que fomenten el crecimiento y el empleo.</p>
<p>🟡</p>
<p><strong>Acerca de Texray</strong></p>
<p>Texray ha desarrollado y patentado el primer tejido de protección contra las radiaciones que responde a la necesidad de disponer de equipos de protección individual (EPI) confortables. Actualmente se utiliza en productos diseñados para médicos que utilizan rayos X en intervenciones quirúrgicas. Texray también puede aportar valor a los profesionales de otros sectores industriales, como la aeronáutica, la primera respuesta, la medicina veterinaria y la odontología.</p>
<p>Para más información, póngase en contacto con Fredrik Gellerstedt</p>
</div>
<div class="article_body-pagination prev-next-pagination mb9 border-top border-bottom shrink-wrap px1 py4"></div>
</div></div></div></div></div>

<p>La Agencia Sueca de Crecimiento Económico y Regional (Tillväxtverket), organismo público sueco dependiente del Ministerio de Empresa, ha decidido conceder a Texray financiación para un nuevo proyecto cuyo objetivo es mejorar la productividad y la capacidad del proceso de fabricación. El proyecto se llevará a cabo junto con el Grupo ALTEN y se iniciará de inmediato.</p>
